nder when 26 is divided by 18*f/25*(-20)/(-24)?
2
Suppose -162 = -4*f + 3*x - 32, -f = 3*x - 55. Calculate the remainder when 502 is divided by f.
21
Suppose 5*x - 5 = z + 9, -2*x - 4*z - 12 = 0. Suppose x = 3*k - 19. Calculate the remainder when 103 is divided by k.
5
Suppose -w + 21 = 2*h, -2*h = -5*w + 80 + 61. Let r = 32 - w. Suppose 5*i = 10, -r*b + 205 + 208 = -i. Calculate the remainder when b is divided by 21.
20
Let d be 1 - (-5)/((-30)/(-12)). Let s(o) = 18*o**2 + 1. What is the remainder when s(d) is divided by 56?
51
Suppose 4*p - 364 = -2*f, -2*f + 3*p + 335 + 50 = 0. Suppose -33*u + 30*u - 3 = 0. Calculate the remainder when f is divided by 8*u/((-20)/95).
36
Let z(h) = -h**3 - 6*h**2 + 5*h - 4. Suppose -3*u = -3*x + 1893 - 2076, 4*u - 265 = x. What is the remainder when u is divided by z(-7)?
8
Suppose -5*q = -q - 20. Suppose 3*r = q*a - 3*a - 10, 2*a + 4*r + 4 = 0. Suppose -3*g + 86 = a*d, -15 = 4*g + 1. What is the remainder when d is divided by 18?
13
Suppose -10*i = -18920 + 17180. What is the remainder when i is divided by 38?
22
Suppose -2*x + 5 = -3*x, 22 = w - 4*x. Let r be 3/(((w - 0) + -3)*-3). What is the remainder when 43 is divided by 3 + r - 8 - -26?
21
Suppose -3*n - 777 = -3*c, 2*n + 1319 = 13*c - 8*c. What is the remainder when 1600 is divided by c?
265
Suppose -11*x - 3750 + 3805 = 0. Calculate the remainder when 341 is divided by x.
1
Suppose 0 = 5*s + 65 - 190. Suppose k + 125*l - 61 = 124*l, -4*k - 5*l + 254 = 0. What is the remainder when k is divided by s?
1
Let n(j) = -37*j**3 - 5*j**2 - 7*j - 2. Suppose 8*l - 3*l - 18 = r, -5*l + 12 = -4*r. Calculate the remainder when n(-1) is divided by l.
1
Let f(d) = -3*d - 1. Let j be 1*(5 - 2 - 5). Let z be f(j). Suppose h - 1 = 5*m, z*h + 5 - 54 = 3*m. Calculate the remainder when 32 is divided by h.
10
Calculate the remainder when 593 is divided by 33/((-2145)/(-208))*60.
17
What is the remainder when 3/(-15)*(-2199 - -94) is divided by 8?
5
Let i = 7 - -139. Let q = 157 - i. What is the remainder when 97 is divided by q?
9
Suppose 17*o + 11*o = 224. Let l = 32 - 28. Suppose -l*v - 2*r + 290 = 0, 2*v - o*r - 151 = -3*r. Calculate the remainder when v is divided by 38.
35
Let z = 338 - 326. Suppose -z*x + 899 = 19*x. Calculate the remainder when x is divided by 7.
1
Suppose 0 = 33*s - 38*s + 25. What is the remainder when (1/(20/8))/((-15)/(-4875)) is divided by s?
0
Let x = 266 - 252. Suppose 2*b = 60 - x. What is the remainder when 89 is divided by b?
20
Suppose 6*y - 3 - 9 = 0. What is the remainder when (-2664)/(-9) - (-10 + y) is divided by 9?
7
Let u(x) = x**3 - 7*x**2 + 9*x + 44. Let i be u(-2). Suppose 0*t + t - 15 = 0. Calculate the remainder when (-248)/(-12) + i/t is divided by 11.
9
Suppose -n - 4*m + 31 = 0, -5*m = 5*n - 141 + 31. Let d = 189 + -57. Suppose 5*w - 238 = d. Calculate the remainder when w is divided by n.
17
Let j = 581 + -578. Suppose -23*p + 84 = -21*p + 5*r, j*r - 44 = -p. Calculate the remainder when 127 is divided by p.
31
Let c be (-1272)/(-21) + (16/(-14))/2. Suppose 305*f - c = 290*f. What is the remainder when 2/(72/34 - 2) is divided by f?
1
Let p = 5488 - 4734. Calculate the remainder when p is divided by 23.
18
Let m be 2 + -26 + 2 + 2. Let n = -74 + 98. What is the remainder when (5/m)/((-2)/376) is divided by n?
23
Let q(a) = 62*a + 7561. What is the remainder when q(-41) is divided by 27?
24
Calculate the remainder when 3 + 68/(-22) + (77005/55 - 9) is divided by 39.
26
Let v be 312/6*1/2. Suppose -2*l + 3 = 5*a + v, 2*a + 11 = -l. Calculate the remainder when 79 is divided by 6/l + (310/(-3))/(-5).
19
What is the remainder when 181 is divided by -31 + 1320/42 - (-1772)/14*1?
54
Suppose -4*f + 13*j + 105 = 16*j, 2*f - 2*j = 42. Suppose -3*z = 4*v - 46, f = 2*v + 4*z - 3*z. Calculate the remainder when 27 is divided by v.
1
Suppose 3*i + 153 = 4*p + 48, 4*p + 3*i - 87 = 0. Let r = -274618 + 274710. What is the remainder when r is divided by p?
20
Let d(u) = 11*u + 47. Let f be d(15). Let j = 220 - f. Calculate the remainder when j is divided by 3.
2
Let p(x) = -35*x**3 + x**2 - x - 1. Let s = 1732 + -1563. Calculate the remainder when s is divided by p(-1).
25
Let m = -82 - -110. Suppose 0 = n - 2*s - m, -2 = -2*s + 3*s. Calculate the remainder when 26 is divided by n.
2
Let v(f) be the second derivative of -f**3/6 + 4*f**2 - f. Let o(t) = 19*t - 185. What is the remainder when v(-12) is divided by o(10)?
0
Let m(k) = 2*k**3 - 26*k**2 - 15*k + 326. Suppose 3*f - 38 = 7. What is the remainder when m(14) is divided by f?
13
Suppose -14*v = 326*v - 135320. Calculate the remainder when v is divided by 78.
8
Let w(s) = -2*s**2 - 28*s + 2087. Calculate the remainder when 76 is divided by w(26).
6
Suppose -2*x - 2*z - 3*z = 14, -2*x - 26 = -z. Let q be ((-30)/9)/(10/(-15)). Calculate the remainder when 40 is divided by 2*q*(-18)/x.
10
Calculate the remainder when ((-3080)/(-30) - -10) + 5/15 is divided by 28.
1
Let t(h) = 42*h**3 + 8*h**2 + 12*h - 50. Calculate the remainder when 7181 is divided by t(2).
341
Let u be (-9 + 10 - 3)*(-566)/(-4). Let p = -169 - u. Calculate the remainder when p is divided by 31.
21
Let c = 14377 - 13329. What is the remainder when c is divided by 342?
22
Calculate the remainder when (182 + -327)/((-5)/7) is divided by 4.
3
Suppose -4*h - 2*o = -2*h - 358, 4*h - 721 = o. What is the remainder when h is divided by 28?
12
Let k = -199 + 247. Suppose 4*n + 3*b - 127 = -0*n, n + 4*b = k. What is the remainder when 105 is divided by n?
21
Let t(v) = -v + 28 + 4*v**3 - 4*v + 4*v - 3*v**3. Suppose -4*g - 2*y = 8, -4*g - 7 = 5*y + 13. What is the remainder when t(g) is divided by 15?
13
Suppose 8*r = 4*r + 32. Let j = 189 - 75. Let i = j + -101. What is the remainder when i is divided by r?
5
Suppose -3320*d + 924 = -3278*d. What is the remainder when 153 is divided by d?
21
Let q(n) = 16*n**2 + 1264*n + 47. Let s = -264 - -397. What is the remainder when s is divided by q(-79)?
39
Let j(x) = x**3 - 10*x**2 + 5*x - 4. Suppose 20 = 5*a - a. Let f be j(a). Let u = f - -151. Calculate the remainder when u is divided by 17.
13
Suppose -8*r = -7*r - 209. Suppose y + r = 220. Calculate the remainder when 19 is divided by y.
8
Let u(f) = -32*f - 14. What is the remainder when u(-6) is divided by 23?
17
Suppose 86 - 281 = -13*i. What is the remainder when 1002 is divided by i?
12
Let v(y) = -5*y - 49. Let m be v(-11). Suppose m*t - 702 = -7*t. Calculate the remainder when t is divided by 30.
24
Let u = 30758 + -30506. Calculate the remainder when u is divided by 67.
51
Suppose -13*u + u - 144 = 0. Let j be (u/10)/(14/70). Calculate the remainder when 82 is divided by 3 + 12 + j/(-3).
14
Let c(k) = k**2 + k - 2106. Calculate the remainder when 1407 is divided by c(-47).
7
Let o(x) = -x**3 - 118*x**2 + 111*x - 609. What is the remainder when o(-119) is divided by 72?
55
Let r(v) = 3*v + 40. Suppose 25 = 18*a - 11. Suppose -4*l + 24 = -i - l, -a*l = -8. What is the remainder when 5 is divided by r(i)?
1
Let w be 46/12 + 16/96. Suppose w - 87 = -v. Calculate the remainder when 413 is divided by v.
81
Let r(b) be the second derivative of -75*b**5/4 - b**4/12 - b**3/3 - b**2 - 11*b - 5. Calculate the remainder when r(-1) is divided by 95.
89
Let r = 7935 - 7910. Calculate the remainder when r is divided by 2/5 + (-114)/(-15).
1
Let i(j) = -80*j + 2591. Calculate the remainder when i(22) is divided by 280.
271
Suppose 0 = -56*o + 60*o - 11*f - 108, 3*f = 12. What is the remainder when 65 is divided by o?
27
Suppose 5*z - 16*t - 1298 = -18*t, 4*z + 3*t = 1044. What is the remainder when z is divided by 18?
6
Let j = 9312 - 8861. What is the remainder when j is divided by 14?
3
Let d = -138 + 518. Suppose 385*c - d*c = 115. What is the remainder when 168 is divided by c?
7
Let i = -7 + 10. Suppose -i*k + 80 = -k. Let j = -2620 + 2629. Calculate the remainder when k is divided by j.
4
Let t = 1752 - 1686. What is the remainder when 279 is divided by t?
15
Let j = 336 + -322. Calculate the remainder when 447 is divided by j.
13
What is the remainder when -4*(835 + 5)/(-12) is divided by 6?
4
Let r = 331 + -327. Suppose -95 = -3*y + r*t, -t = -3*y + 54 + 44. What is the remainder when 80 is divided by y?
14
What is the rema